{"id":1370,"date":"2022-09-01T07:51:04","date_gmt":"2022-09-01T05:51:04","guid":{"rendered":"https:\/\/www.pole-medee.com\/correi\/?page_id=1370"},"modified":"2022-09-01T11:15:13","modified_gmt":"2022-09-01T09:15:13","slug":"mentions-legales","status":"publish","type":"page","link":"https:\/\/www.pole-medee.com\/correi\/mentions-legales\/","title":{"rendered":"Mentions l\u00e9gales"},"content":{"rendered":"\n<div class=\"wp-block-stackable-columns stk-block-columns stk-block stk-e2d29bf\" data-block-id=\"e2d29bf\"><div class=\"stk-row stk-inner-blocks stk-block-content stk-content-align stk-e2d29bf-column\">\n<div class=\"wp-block-stackable-column stk-block-column stk-block-column--v2 stk-column stk-block stk-5d843f1\" data-block-id=\"5d843f1\"><style>.stk-5d843f1{max-width:1024px !important;min-width:auto !important;padding-top:40px !important;padding-right:40px !important;padding-bottom:40px !important;padding-left:40px !important;margin-right:auto !important;margin-left:auto !important}<\/style><div class=\"stk-column-wrapper stk-block-column__content stk-container stk-5d843f1-container stk--no-background stk--no-padding\"><div class=\"stk-block-content stk-inner-blocks stk-5d843f1-inner-blocks\">\n<h2 class=\"wp-block-heading\">\u00c9diteur<\/h2>\n\n\n\n<p>Ce site est produit par MEDEE. Il est interdit \u00e0 tout internaute de copier ou reproduire tout ou partie du contenu du site, sauf pour son usage propre et sauf autorisation sp\u00e9cifique. Le titre, la conception, la forme du site pole-medee.com mais aussi son contenu tels que les commentaires, \u00e9ditoriaux et leur organisation, ainsi que toute compilation de logiciels, code source fondamental, logiciel (y compris les applets), et autres \u00e9l\u00e9ments contenus sur le site pole-medee.com\/correi sont la propri\u00e9t\u00e9 du MEDEE. Les illustrations et images originales sont quant \u00e0 elles la propri\u00e9t\u00e9 des auteurs cit\u00e9s dans les pages du site.<\/p>\n\n\n\n<h2 class=\"wp-block-heading\">Validit\u00e9 des informations<\/h2>\n\n\n\n<p>Les informations fournies sur ce site sont pr\u00e9sent\u00e9es \u00e0 titre indicatif et g\u00e9n\u00e9ral et ne sauraient \u00eatre utilis\u00e9es sans v\u00e9rifications pr\u00e9alables par l\u2019internaute. MEDEE ne pourra \u00eatre tenue pour responsable des cons\u00e9quences directes ou indirectes pouvant r\u00e9sulter de l\u2019utilisation, la consultation et l\u2019interpr\u00e9tation des informations fournies, ni de la modification des dispositions administratives et juridiques survenant apr\u00e8s la publication. Le contenu des pages peut \u00eatre modifi\u00e9 par MEDEE sans pr\u00e9avis.<\/p>\n\n\n\n<h2 class=\"wp-block-heading\">Liens entre sites Internet<\/h2>\n\n\n\n<p>pole-medee.com\/correi propose des liens vers des sites Internet ext\u00e9rieurs. Leur contenu ne peut en aucune mani\u00e8re engager la responsabilit\u00e9 de MEDEE. Tout lien depuis un site Internet ext\u00e9rieur vers www.pole-medee.com\/correi doit faire l\u2019objet d\u2019une autorisation pr\u00e9alable de MEDEE.<\/p>\n\n\n\n<h2 class=\"wp-block-heading\">Protection des droits de l\u2019internaute<\/h2>\n\n\n\n<h3 class=\"wp-block-heading\">Formulaires :<\/h3>\n\n\n\n<p>Nous proposons sur le site un certain nombre de formulaires qui nous permettent de mieux cibler les demandes des internautes et d\u2019\u00eatre s\u00fbr d\u2019obtenir les informations indispensables pour pouvoir y donner suite, d\u2019obtenir toutes les informations n\u00e9cessaires pour valider l\u2019enregistrement dans l\u2019annuaire\u2026Les zones devant obligatoirement \u00eatre remplies sont syst\u00e9matiquement signal\u00e9es par un ast\u00e9risque \u00ab*\u00bb. L\u2019internaute est bien entendu libre de ne pas remplir ces formulaires. Cependant, il est indispensable de remplir certains d\u2019entre eux afin de pouvoir donner suite aux demandes de documentation, de newsletter ou d\u2019inscription dans l\u2019annuaire. En remplissant ces formulaires, l\u2019internaute transmet des informations qui pourront \u00eatre utilis\u00e9es par MEDEE.<\/p>\n\n\n\n<h3 class=\"wp-block-heading\">Adresse \u00e9lectronique :<\/h3>\n\n\n\n<p>En utilisant un logiciel de messagerie, l\u2019internaute nous communique son adresse \u00e9lectronique. Celle-ci peut \u00eatre conserv\u00e9e et utilis\u00e9e ult\u00e9rieurement pour proposer des services ou des offres commerciales.<\/p>\n\n\n\n<h2 class=\"wp-block-heading\">Protection des donn\u00e9es personnelles<\/h2>\n\n\n\n<p>Les informations personnelles recueillies :<\/p>\n\n\n\n<ul class=\"wp-block-list\"><li>font l\u2019objet d\u2019un traitement automatis\u00e9<\/li><li>sont utilis\u00e9es pour r\u00e9pondre aux diff\u00e9rents services propos\u00e9s par le site. Conform\u00e9ment \u00e0 la loi fran\u00e7aise n\u00b0 7817 du 6 janvier 1978 relatif \u00e0 l\u2019informatique, aux fichiers et aux libert\u00e9s, les internautes b\u00e9n\u00e9ficient d\u2019un droit d\u2019acc\u00e8s, de rectification et d\u2019opposition.<\/li><\/ul>\n\n\n\n<h3 class=\"wp-block-heading\">Comment exercer ce droit ?<\/h3>\n\n\n\n<ul class=\"wp-block-list\"><li>en adressant un mail \u00e0\u00a0<a href=\"mailto:contact@pole-medee.com\">contact@pole-medee.com<\/a><\/li><li>en adressant un courrier \u00e0 <span style=\"color: var(--theme-palette-color-4, #3B4248);\" class=\"stk-highlight\">Ana\u00efs ASSELIN \u2013 Directrice du P\u00f4le MEDEE \u2013 ENSAM, 8 boulevard Louis XIV, 59000 LILLE<\/span><\/li><\/ul>\n\n\n\n<h2 class=\"wp-block-heading\">H\u00e9bergement<\/h2>\n\n\n\n<p>Le site est h\u00e9berg\u00e9 en France sur les serveurs de la soci\u00e9t\u00e9 :<\/p>\n\n\n\n<p>OVH<br><a href=\"http:\/\/www.ovh.com\/\" target=\"_blank\" rel=\"noreferrer noopener\">www.ovh.com<\/a><br>2 rue kellermann<br>BP 80157<br>59053 ROUBAIX Cedex 1<br><strong>T\u00e9l\u00e9phone :<\/strong>&nbsp;+33 (0)8 203 203 63<br><strong>Adresse \u00e9lectronique (E-Mail) :<\/strong>&nbsp;<a href=\"mailto:support@ovh.com\">support@ovh.com<\/a><\/p>\n\n\n\n<p>Pour toute question technique, vous pouvez contacter&nbsp;<a href=\"mailto:contact@pole-medee.com\">contact@pole-medee.com<\/a><\/p>\n<\/div><\/div><\/div>\n<\/div><\/div>\n","protected":false},"excerpt":{"rendered":"<p>\u00c9diteur Ce site est produit par MEDEE. Il est interdit \u00e0 tout internaute de copier ou reproduire tout ou partie du contenu du site, sauf pour son usage propre et sauf autorisation sp\u00e9cifique. Le titre, la conception, la forme du site pole-medee.com mais aussi son contenu tels que les commentaires, \u00e9ditoriaux et leur organisation, ainsi [&hellip;]<\/p>\n","protected":false},"author":1,"featured_media":0,"parent":0,"menu_order":0,"comment_status":"closed","ping_status":"closed","template":"","meta":{"_acf_changed":false,"footnotes":""},"class_list":["post-1370","page","type-page","status-publish","hentry"],"blocksy_meta":{"styles_descriptor":{"styles":{"desktop":"","tablet":"","mobile":""},"google_fonts":[],"version":6},"page_title_panel":"","has_hero_section":"default","fdee67d192a87029d99998c52c589cd0":"","hero_section":"type-1","hero_elements":[{"id":"custom_title","enabled":true,"heading_tag":"h1","title":"Accueil"},{"id":"custom_description","enabled":true,"description_visibility":{"desktop":true,"tablet":true,"mobile":false}},{"id":"custom_meta","enabled":false,"meta_elements":[{"id":"author","enabled":true,"label":"Par","has_author_avatar":"yes","avatar_size":25},{"id":"post_date","enabled":true,"label":"Sur","date_format_source":"default","date_format":"M j, Y"},{"id":"updated_date","enabled":false,"label":"Sur","date_format_source":"default","date_format":"M j, Y"},{"id":"categories","enabled":false,"label":"Dans","style":"simple"},{"id":"comments","enabled":true}],"page_meta_elements":{"joined":true,"articles_count":true,"comments":true}},{"id":"breadcrumbs","enabled":false}],"670b12ebb4babbdf65cf1e75f83137de":"","hero_alignment1":"CT_CSS_SKIP_RULE","hero_margin":40,"hero_alignment2":"center","hero_vertical_alignment":"center","50b960a200d826b85b050887f2cd3f5c":"","hero_structure":"narrow","d9863b64f2ff10a14db33ba3af173f6b":"","page_title_bg_type":"featured_image","custom_hero_background":{"attachment_id":null},"page_title_image_size":"full","parallax":{"desktop":false,"tablet":false,"mobile":false},"56c2541c5264d942be08d54fce776971":"","hero_height":"250px","pageTitleFont":{"family":"Default","variation":"Default","size":"30px","line-height":"CT_CSS_SKIP_RULE","letter-spacing":"CT_CSS_SKIP_RULE","text-transform":"CT_CSS_SKIP_RULE","text-decoration":"CT_CSS_SKIP_RULE"},"pageTitleFontColor":{"default":{"color":"CT_CSS_SKIP_RULEDEFAULT"}},"pageMetaFont":{"family":"Default","variation":"n6","size":"12px","line-height":"1.3","letter-spacing":"CT_CSS_SKIP_RULE","text-transform":"uppercase","text-decoration":"CT_CSS_SKIP_RULE"},"pageMetaFontColor":{"default":{"color":"CT_CSS_SKIP_RULEDEFAULT"},"hover":{"color":"CT_CSS_SKIP_RULEDEFAULT"}},"page_meta_button_type_font_colors":{"default":{"color":"CT_CSS_SKIP_RULEDEFAULT"},"hover":{"color":"CT_CSS_SKIP_RULEDEFAULT"}},"page_meta_button_type_background_colors":{"default":{"color":"CT_CSS_SKIP_RULEDEFAULT"},"hover":{"color":"CT_CSS_SKIP_RULEDEFAULT"}},"pageExcerptFont":{"family":"Default","variation":"Default","size":"CT_CSS_SKIP_RULE","line-height":"CT_CSS_SKIP_RULE","letter-spacing":"CT_CSS_SKIP_RULE","text-transform":"CT_CSS_SKIP_RULE","text-decoration":"CT_CSS_SKIP_RULE"},"pageExcerptColor":{"default":{"color":"CT_CSS_SKIP_RULEDEFAULT"}},"breadcrumbsFont":{"family":"Default","variation":"Default","size":"CT_CSS_SKIP_RULE","line-height":"CT_CSS_SKIP_RULE","letter-spacing":"CT_CSS_SKIP_RULE","text-transform":"CT_CSS_SKIP_RULE","text-decoration":"CT_CSS_SKIP_RULE"},"breadcrumbsFontColor":{"default":{"color":"CT_CSS_SKIP_RULEDEFAULT"},"initial":{"color":"CT_CSS_SKIP_RULEDEFAULT"},"hover":{"color":"CT_CSS_SKIP_RULEDEFAULT"}},"pageTitleOverlay":{"background_type":"color","background_pattern":"type-1","background_image":{"attachment_id":null,"x":0,"y":0},"gradient":"linear-gradient(135deg,rgba(6,147,227,1) 0%,rgb(155,81,224) 100%)","background_repeat":"repeat","background_size":"auto","background_attachment":"scroll","patternColor":{"default":{"color":"#e5e7ea"}},"overlayColor":{"default":{"color":"CT_CSS_SKIP_RULE"}},"backgroundColor":{"default":{"color":"CT_CSS_SKIP_RULE"}}},"pageTitleBackground":{"background_type":"color","background_pattern":"type-1","background_image":{"attachment_id":null,"x":0,"y":0},"gradient":"linear-gradient(135deg,rgba(6,147,227,1) 0%,rgb(155,81,224) 100%)","background_repeat":"repeat","background_size":"auto","background_attachment":"scroll","patternColor":{"default":{"color":"#e5e7ea"}},"overlayColor":{"default":{"color":"CT_CSS_SKIP_RULE"}},"backgroundColor":{"default":{"color":"var(--theme-palette-color-6)"}}},"pageTitlePadding":{"top":"50px","bottom":"50px","left":"auto","right":"auto","linked":true},"b3216ac954c33daae44eb3333c84988b":"","page_structure_type":"default","ec197fa25c959dfc69bf780d33ae023f":"","content_style_source":"inherit","content_style":"wide","vertical_spacing_source":"custom","content_area_spacing":"both","background":{"background_type":"color","background_pattern":"type-1","background_image":{"attachment_id":null,"x":0,"y":0},"gradient":"linear-gradient(135deg,rgba(6,147,227,1) 0%,rgb(155,81,224) 100%)","background_repeat":"repeat","background_size":"auto","background_attachment":"scroll","patternColor":{"default":{"color":"#e5e7ea"}},"overlayColor":{"default":{"color":"CT_CSS_SKIP_RULE"}},"backgroundColor":{"default":{"color":"CT_CSS_SKIP_RULE"}}},"content_background":{"background_type":"color","background_pattern":"type-1","background_image":{"attachment_id":null,"x":0,"y":0},"gradient":"linear-gradient(135deg,rgba(6,147,227,1) 0%,rgb(155,81,224) 100%)","background_repeat":"repeat","background_size":"auto","background_attachment":"scroll","patternColor":{"default":{"color":"#e5e7ea"}},"overlayColor":{"default":{"color":"CT_CSS_SKIP_RULE"}},"backgroundColor":{"default":{"color":"var(--theme-palette-color-8)"}}},"content_boxed_shadow":{"inherit":false,"blur":18,"spread":-6,"v_offset":12,"h_offset":0,"inset":false,"enable":true,"color":{"color":"rgba(34, 56, 101, 0.04)"}},"content_boxed_border":{"width":1,"style":"none","color":{"color":"rgba(44,62,80,0.2)"}},"content_boxed_radius":{"top":"3px","bottom":"3px","left":"3px","right":"3px","linked":true},"boxed_content_spacing":{"desktop":{"top":"40px","bottom":"40px","left":"40px","right":"40px","linked":true},"tablet":{"top":"35px","bottom":"35px","left":"35px","right":"35px","linked":true},"mobile":{"top":"20px","bottom":"20px","left":"20px","right":"20px","linked":true}},"6239d7caaaddd211179d8cf6b83c7d4c":"","disable_featured_image":"no","disable_share_box":"no","disable_header":"no","disable_footer":"no"},"acf":[],"yoast_head":"<!-- This site is optimized with the Yoast SEO plugin v27.4 - https:\/\/yoast.com\/product\/yoast-seo-wordpress\/ -->\n<title>Mentions l\u00e9gales - CORREI<\/title>\n<meta name=\"robots\" content=\"index, follow, max-snippet:-1, max-image-preview:large, max-video-preview:-1\" \/>\n<link rel=\"canonical\" href=\"https:\/\/www.pole-medee.com\/correi\/mentions-legales\/\" \/>\n<meta property=\"og:locale\" content=\"fr_FR\" \/>\n<meta property=\"og:type\" content=\"article\" \/>\n<meta property=\"og:title\" content=\"Mentions l\u00e9gales - CORREI\" \/>\n<meta property=\"og:description\" content=\"\u00c9diteur Ce site est produit par MEDEE. Il est interdit \u00e0 tout internaute de copier ou reproduire tout ou partie du contenu du site, sauf pour son usage propre et sauf autorisation sp\u00e9cifique. Le titre, la conception, la forme du site pole-medee.com mais aussi son contenu tels que les commentaires, \u00e9ditoriaux et leur organisation, ainsi [&hellip;]\" \/>\n<meta property=\"og:url\" content=\"https:\/\/www.pole-medee.com\/correi\/mentions-legales\/\" \/>\n<meta property=\"og:site_name\" content=\"CORREI\" \/>\n<meta property=\"article:modified_time\" content=\"2022-09-01T09:15:13+00:00\" \/>\n<meta name=\"twitter:card\" content=\"summary_large_image\" \/>\n<meta name=\"twitter:label1\" content=\"Dur\u00e9e de lecture estim\u00e9e\" \/>\n\t<meta name=\"twitter:data1\" content=\"3 minutes\" \/>\n<script type=\"application\/ld+json\" class=\"yoast-schema-graph\">{\"@context\":\"https:\\\/\\\/schema.org\",\"@graph\":[{\"@type\":\"WebPage\",\"@id\":\"https:\\\/\\\/www.pole-medee.com\\\/correi\\\/mentions-legales\\\/\",\"url\":\"https:\\\/\\\/www.pole-medee.com\\\/correi\\\/mentions-legales\\\/\",\"name\":\"Mentions l\u00e9gales - CORREI\",\"isPartOf\":{\"@id\":\"https:\\\/\\\/www.pole-medee.com\\\/correi\\\/#website\"},\"datePublished\":\"2022-09-01T05:51:04+00:00\",\"dateModified\":\"2022-09-01T09:15:13+00:00\",\"breadcrumb\":{\"@id\":\"https:\\\/\\\/www.pole-medee.com\\\/correi\\\/mentions-legales\\\/#breadcrumb\"},\"inLanguage\":\"fr-FR\",\"potentialAction\":[{\"@type\":\"ReadAction\",\"target\":[\"https:\\\/\\\/www.pole-medee.com\\\/correi\\\/mentions-legales\\\/\"]}]},{\"@type\":\"BreadcrumbList\",\"@id\":\"https:\\\/\\\/www.pole-medee.com\\\/correi\\\/mentions-legales\\\/#breadcrumb\",\"itemListElement\":[{\"@type\":\"ListItem\",\"position\":1,\"name\":\"Accueil\",\"item\":\"https:\\\/\\\/www.pole-medee.com\\\/correi\\\/\"},{\"@type\":\"ListItem\",\"position\":2,\"name\":\"Mentions l\u00e9gales\"}]},{\"@type\":\"WebSite\",\"@id\":\"https:\\\/\\\/www.pole-medee.com\\\/correi\\\/#website\",\"url\":\"https:\\\/\\\/www.pole-medee.com\\\/correi\\\/\",\"name\":\"CORREI\",\"description\":\"Collectif R\u00e9gional des R\u00e9seaux Energ\u00e9tiques Intelligents\",\"publisher\":{\"@id\":\"https:\\\/\\\/www.pole-medee.com\\\/correi\\\/#organization\"},\"potentialAction\":[{\"@type\":\"SearchAction\",\"target\":{\"@type\":\"EntryPoint\",\"urlTemplate\":\"https:\\\/\\\/www.pole-medee.com\\\/correi\\\/?s={search_term_string}\"},\"query-input\":{\"@type\":\"PropertyValueSpecification\",\"valueRequired\":true,\"valueName\":\"search_term_string\"}}],\"inLanguage\":\"fr-FR\"},{\"@type\":\"Organization\",\"@id\":\"https:\\\/\\\/www.pole-medee.com\\\/correi\\\/#organization\",\"name\":\"CORREI\",\"url\":\"https:\\\/\\\/www.pole-medee.com\\\/correi\\\/\",\"logo\":{\"@type\":\"ImageObject\",\"inLanguage\":\"fr-FR\",\"@id\":\"https:\\\/\\\/www.pole-medee.com\\\/correi\\\/#\\\/schema\\\/logo\\\/image\\\/\",\"url\":\"https:\\\/\\\/www.pole-medee.com\\\/correi\\\/wp-content\\\/uploads\\\/2022\\\/07\\\/logo-correi.png\",\"contentUrl\":\"https:\\\/\\\/www.pole-medee.com\\\/correi\\\/wp-content\\\/uploads\\\/2022\\\/07\\\/logo-correi.png\",\"width\":420,\"height\":324,\"caption\":\"CORREI\"},\"image\":{\"@id\":\"https:\\\/\\\/www.pole-medee.com\\\/correi\\\/#\\\/schema\\\/logo\\\/image\\\/\"}}]}<\/script>\n<!-- \/ Yoast SEO plugin. -->","yoast_head_json":{"title":"Mentions l\u00e9gales - CORREI","robots":{"index":"index","follow":"follow","max-snippet":"max-snippet:-1","max-image-preview":"max-image-preview:large","max-video-preview":"max-video-preview:-1"},"canonical":"https:\/\/www.pole-medee.com\/correi\/mentions-legales\/","og_locale":"fr_FR","og_type":"article","og_title":"Mentions l\u00e9gales - CORREI","og_description":"\u00c9diteur Ce site est produit par MEDEE. Il est interdit \u00e0 tout internaute de copier ou reproduire tout ou partie du contenu du site, sauf pour son usage propre et sauf autorisation sp\u00e9cifique. Le titre, la conception, la forme du site pole-medee.com mais aussi son contenu tels que les commentaires, \u00e9ditoriaux et leur organisation, ainsi [&hellip;]","og_url":"https:\/\/www.pole-medee.com\/correi\/mentions-legales\/","og_site_name":"CORREI","article_modified_time":"2022-09-01T09:15:13+00:00","twitter_card":"summary_large_image","twitter_misc":{"Dur\u00e9e de lecture estim\u00e9e":"3 minutes"},"schema":{"@context":"https:\/\/schema.org","@graph":[{"@type":"WebPage","@id":"https:\/\/www.pole-medee.com\/correi\/mentions-legales\/","url":"https:\/\/www.pole-medee.com\/correi\/mentions-legales\/","name":"Mentions l\u00e9gales - CORREI","isPartOf":{"@id":"https:\/\/www.pole-medee.com\/correi\/#website"},"datePublished":"2022-09-01T05:51:04+00:00","dateModified":"2022-09-01T09:15:13+00:00","breadcrumb":{"@id":"https:\/\/www.pole-medee.com\/correi\/mentions-legales\/#breadcrumb"},"inLanguage":"fr-FR","potentialAction":[{"@type":"ReadAction","target":["https:\/\/www.pole-medee.com\/correi\/mentions-legales\/"]}]},{"@type":"BreadcrumbList","@id":"https:\/\/www.pole-medee.com\/correi\/mentions-legales\/#breadcrumb","itemListElement":[{"@type":"ListItem","position":1,"name":"Accueil","item":"https:\/\/www.pole-medee.com\/correi\/"},{"@type":"ListItem","position":2,"name":"Mentions l\u00e9gales"}]},{"@type":"WebSite","@id":"https:\/\/www.pole-medee.com\/correi\/#website","url":"https:\/\/www.pole-medee.com\/correi\/","name":"CORREI","description":"Collectif R\u00e9gional des R\u00e9seaux Energ\u00e9tiques Intelligents","publisher":{"@id":"https:\/\/www.pole-medee.com\/correi\/#organization"},"potentialAction":[{"@type":"SearchAction","target":{"@type":"EntryPoint","urlTemplate":"https:\/\/www.pole-medee.com\/correi\/?s={search_term_string}"},"query-input":{"@type":"PropertyValueSpecification","valueRequired":true,"valueName":"search_term_string"}}],"inLanguage":"fr-FR"},{"@type":"Organization","@id":"https:\/\/www.pole-medee.com\/correi\/#organization","name":"CORREI","url":"https:\/\/www.pole-medee.com\/correi\/","logo":{"@type":"ImageObject","inLanguage":"fr-FR","@id":"https:\/\/www.pole-medee.com\/correi\/#\/schema\/logo\/image\/","url":"https:\/\/www.pole-medee.com\/correi\/wp-content\/uploads\/2022\/07\/logo-correi.png","contentUrl":"https:\/\/www.pole-medee.com\/correi\/wp-content\/uploads\/2022\/07\/logo-correi.png","width":420,"height":324,"caption":"CORREI"},"image":{"@id":"https:\/\/www.pole-medee.com\/correi\/#\/schema\/logo\/image\/"}}]}},"_links":{"self":[{"href":"https:\/\/www.pole-medee.com\/correi\/wp-json\/wp\/v2\/pages\/1370","targetHints":{"allow":["GET"]}}],"collection":[{"href":"https:\/\/www.pole-medee.com\/correi\/wp-json\/wp\/v2\/pages"}],"about":[{"href":"https:\/\/www.pole-medee.com\/correi\/wp-json\/wp\/v2\/types\/page"}],"author":[{"embeddable":true,"href":"https:\/\/www.pole-medee.com\/correi\/wp-json\/wp\/v2\/users\/1"}],"replies":[{"embeddable":true,"href":"https:\/\/www.pole-medee.com\/correi\/wp-json\/wp\/v2\/comments?post=1370"}],"version-history":[{"count":7,"href":"https:\/\/www.pole-medee.com\/correi\/wp-json\/wp\/v2\/pages\/1370\/revisions"}],"predecessor-version":[{"id":1397,"href":"https:\/\/www.pole-medee.com\/correi\/wp-json\/wp\/v2\/pages\/1370\/revisions\/1397"}],"wp:attachment":[{"href":"https:\/\/www.pole-medee.com\/correi\/wp-json\/wp\/v2\/media?parent=1370"}],"curies":[{"name":"wp","href":"https:\/\/api.w.org\/{rel}","templated":true}]}}